when 2145636 is divided by 14115.
156
Calculate the remainder when 296779334 is divided by 130.
124
Calculate the remainder when 1299899 is divided by 1245.
119
Calculate the remainder when 396212 is divided by 1591.
53
What is the remainder when 637244 is divided by 52910?
2324
What is the remainder when 486183 is divided by 24308?
23
What is the remainder when 2751760 is divided by 6?
4
Calculate the remainder when 1307225 is divided by 430.
25
Calculate the remainder when 57729740 is divided by 14.
12
What is the remainder when 818152 is divided by 1326?
10
Calculate the remainder when 44635763 is divided by 469850.
13
What is the remainder when 1002872 is divided by 145?
52
Calculate the remainder when 13938 is divided by 6836.
266
What is the remainder when 66241 is divided by 360?
1
What is the remainder when 13607700 is divided by 514?
64
Calculate the remainder when 790007 is divided by 63.
50
What is the remainder when 19027513 is divided by 147500?
13
What is the remainder when 4282478 is divided by 199?
197
Calculate the remainder when 498958 is divided by 498924.
34
Calculate the remainder when 44865 is divided by 44861.
4
What is the remainder when 56218070 is divided by 44371?
13
What is the remainder when 183692 is divided by 91025?
1642
Calculate the remainder when 494914134 is divided by 69374.
18
What is the remainder when 262220802 is divided by 385?
382
What is the remainder when 9513807 is divided by 9113?
8948
Calculate the remainder when 300019 is divided by 140.
139
Calculate the remainder when 1113725 is divided by 7840.
445
Calculate the remainder when 5517833 is divided by 4879.
4563
What is the remainder when 13684384 is divided by 57?
52
Calculate the remainder when 16985245 is divided by 1237.
1235
What is the remainder when 43573 is divided by 3774?
2059
What is the remainder when 4230727 is divided by 18002?
257
Calculate the remainder when 2415215 is divided by 310.
5
What is the remainder when 987025 is divided by 43?
3
Calculate the remainder when 4279265 is divided by 356605.
5
Calculate the remainder when 13987576 is divided by 6.
4
Calculate the remainder when 4001802 is divided by 1333934.
0
Calculate the remainder when 143016 is divided by 71485.
46
What is the remainder when 778273 is divided by 1781?
1757
What is the remainder when 2387340 is divided by 477226?
1210
What is the remainder when 180646 is divided by 3776?
3174
What is the remainder when 553460 is divided by 184321?
497
What is the remainder when 4265280 is divided by 351?
279
What is the remainder when 161532710 is divided by 4293?
4292
What is the remainder when 416675061 is divided by 12?
9
What is the remainder when 55073705 is divided by 611?
609
Calculate the remainder when 1489821 is divided by 15.
6
What is the remainder when 14254860 is divided by 729?
723
What is the remainder when 1775281 is divided by 862?
423
What is the remainder when 5476339 is divided by 44888?
3
Calculate the remainder when 90851 is divided by 90821.
30
Calculate the remainder when 44418857 is divided by 187.
186
What is the remainder when 3001160 is divided by 3001071?
89
Calculate the remainder when 3168338 is divided by 99010.
18
Calculate the remainder when 3553312 is divided by 1363.
1334
Calculate the remainder when 1673968 is divided by 8853.
751
What is the remainder when 639206 is divided by 25300?
6706
Calculate the remainder when 38359169 is divided by 2897.
2889
Calculate the remainder when 7602838 is divided by 1724.
1722
What is the remainder when 1759433 is divided by 1786?
223
Calculate the remainder when 6226 is divided by 836.
374
What is the remainder when 245671061 is divided by 4408?
4405
What is the remainder when 348280 is divided by 875?
30
Calculate the remainder when 9771 is divided by 3139.
354
Calculate the remainder when 1653743 is divided by 786.
785
What is the remainder when 17724373 is divided by 194773?
30
Calculate the remainder when 2044508 is divided by 7.
4
What is the remainder when 772724 is divided by 102?
74
What is the remainder when 19754504 is divided by 8?
0
What is the remainder when 1917239 is divided by 403?
168
Calculate the remainder when 3430568 is divided by 1700.
1668
Calculate the remainder when 68441548 is divided by 86.
82
Calculate the remainder when 74444161 is divided by 514.
513
Calculate the remainder when 183216049 is divided by 155.
4
What is the remainder when 5039 is divided by 2434?
171
What is the remainder when 97701 is divided by 10417?
3948
Calculate the remainder when 50517668 is divided by 123.
92
What is the remainder when 793822 is divided by 264581?
79
Calculate the remainder when 6977 is divided by 172.
97
Calculate the remainder when 51734 is divided by 17055.
569
Calculate the remainder when 866687 is divided by 4147.
4111
Calculate the remainder when 21518314 is divided by 92.
66
Calculate the remainder when 22293754 is divided by 145.
4
What is the remainder when 519857 is divided by 1897?
79
What is the remainder when 1888623 is divided by 209844?
27
Calculate the remainder when 68412921 is divided by 9010.
9001
Calculate the remainder when 10493857 is divided by 393.
364
What is the remainder when 30471 is divided by 98?
91
Calculate the remainder when 200527 is divided by 1212.
547
Calculate the remainder when 5718209 is divided by 5718181.
28
What is the remainder when 468590 is divided by 351?
5
What is the remainder when 83503 is divided by 5924?
567
What is the remainder when 203189 is divided by 12676?
373
What is the remainder when 5249238 is divided by 445?
18
Calculate the remainder when 3242626 is divided by 472.
458
Calculate the remainder when 11127798 is divided by 2933.
2929
What is the remainder when 38606793 is divided by 68?
65
Calculate the remainder when 24094 is divided by 1393.
413
What is the remainder when 2943006 is divided by 479?
30
Calculate the remainder when 14720 is divided by 4233.
2021
Calculate the remainder when 138394666 is divided by 2567.
2562
Calculate the remainder when 441452 is divided by 3042.
362
Calculate the remainder when 3206324 is divided by 21961.
18
Calculate the remainder when 5657350 is divided by 310.
160
Calculate the remainder when 664737 is divided by 1546.
1503
What is the remainder when 1514483 is divided by 10589?
256
Calculate the remainder when 13833240 is divided by 9.
6
What is the remainder when 4354159 is divided by 1085?
54
What is the remainder when 286198 is divided by 53?
51
Calculate the remainder when 302835 is divided by 302245.
590
Calculate the remainder when 1357068 is divided by 5121.
3
Calculate the remainder when 718677958 is divided by 7161.
7159
Calculate the remainder when 786662 is divided by 131082.
170
What is the remainder when 40751527 is divided by 20375749?
29
Calculate the remainder when 1094776 is divided by 701.
515
What is the remainder when 487740 is divided by 2836?
2784
What is the remainder when 2746634 is divided by 2746617?
17
Calculate the remainder when 894303 is divided by 3160.
23
Calculate the remainder when 69353171 is divided by 28.
27
Calculate the remainder when 1044624600 is divided by 69.
66
Calculate the remainder when 30046 is divided by 781.
368
Calculate the remainder when 409711 is divided by 1192.
855
What is the remainder when 48111345 is divided by 129?
21
Calculate the remainder when 31191829 is divided by 295.
4
What is the remainder when 3363927 is divided by 471?
45
Calculate the remainder when 444796 is divided by 1642.
1456
Calculate the remainder when 5626299 is divided by 548.
531
What is the remainder when 4889171 is divided by 235?
231
Calculate the remainder when 900539734 is divided by 4874.
4872
What is the remainder when 46407 is divided by 11563?
155
Calculate the remainder when 16336415 is divided by 482.
471
What is the remainder when 2439655 is divided by 2439593?
62
What is the remainder when 2195958 is divided by 439189?
13
What is the remainder when 475150 is divided by 237526?
98
What is the remainder when 1431910 is divided by 1078?
326
Calculate the remainder when 81074 is divided by 17.
1
What is the remainder when 35197181 is divided by 638?
635
What is the remainder when 21254 is divided by 836?
354
What is the remainder when 44